et p be (-3 - s)/((-2)/8). Give n(p).
5
Let g = 2134 - 2144. Let u(o) = -7*o**3 - 15*o**2 + 5*o - 10. Let w(k) = 3*k**3 + 8*k**2 - 2*k + 5. Let b(s) = 2*u(s) + 5*w(s). What is b(g)?
5
Let v(m) = -4*m**2 - m. Let c be 0 + 2 - -2 - (-396)/(-66). Determine v(c).
-14
Let r(x) = x**3 + 6*x**2 + 6*x. Let v be r(-4). Let p(d) = -d + 4. Let f(a) = -5*a + 26. Let j(o) = -f(o) + 6*p(o). Give j(v).
-10
Let x be 36*((-52)/(-12) + -4). Let i(d) = -x*d + 23*d - 16*d + 1. Calculate i(1).
-4
Suppose 0 = -a - 2 + 7. Let u(o) = o - 4*o + a*o. Let n be (-4)/26 + 44/(-52). Give u(n).
-2
Suppose -7*m + 33 = 12. Suppose s - 30 = -4*s + 2*v, -m*v = 5*s - 30. Let p(q) be the first derivative of -q**3/3 + 3*q**2 - 5*q + 1. What is p(s)?
-5
Let n = 0 - 0. Let l(m) = -m - 3. Let b(h) = 2*h + 5. Let w(v) = 3*b(v) + 5*l(v). Give w(n).
0
Let k(o) be the second derivative of 10*o + 0 + 7/2*o**2 - 2/3*o**3. What is k(7)?
-21
Let d(f) = -f**2 - 4*f - 5. Let q(y) = y**2 - 5*y + 1. Let a be q(5). Let t be -2*(-2 + 1)*a. Suppose 0 = 3*v + t*v + 25. Determine d(v).
-10
Let i(f) be the second derivative of -7*f**5/10 - f**4/12 - f**3/3 - f**2/2 + 117*f. What is i(-1)?
14
Let g(u) be the second derivative of u**4/12 - u**3/2 + 3*u**2/2 + u - 82. Give g(4).
7
Let v(n) = n + 9. Let m be v(-5). Let i(x) be the first derivative of x**2 - 4*x - 1/4*x**4 + 4/3*x**3 + 28. Calculate i(m).
4
Let h(z) = z**3 + 6*z**2 - 11*z - 20. Let a(f) = f**3 + 47*f**2 - 45*f + 137. Let p be a(-48). Give h(p).
8
Suppose -3*s + 13 = -4*y, 2*y + 7 + 4 = 3*s. Suppose s*n = 8*n. Suppose n = 4*u - 3*l + 4*l - 10, -2*l = 3*u - 5. Let t(j) = j**2 - 4*j + 2. Give t(u).
-1
Let m(l) = l**3 - 13*l**2 - 11*l + 7. Let k(y) = 2*y**2 - y - 1. Let n(p) = k(p) + m(p). Calculate n(12).
6
Let z(t) be the third derivative of -t**4/24 + 3*t**3/2 - t**2 - 70*t. What is z(9)?
0
Let t be 7*(-2 - (1 - 2)). Let j(b) be the second derivative of -b**4/12 - b**3 + 5*b**2/2 + 12*b + 7. What is j(t)?
-2
Let v(o) = 10*o**2 + 4*o - 3. Let b(w) = -11*w**2 - 5*w + 4. Let k(g) = -6*b(g) - 7*v(g). Let p be -4 - (-19 - 11)/5. What is k(p)?
-15
Let k = 70 - 68. Let q(w) = 61*w - 5 + 0 - 32*w - w**k - 37*w. Suppose 2*v = 3*m - 13, -3 = 5*v - 3*m + 34. What is q(v)?
-5
Let b(g) = g**2 - 5*g - 2. Suppose 4*c - 9 = 7. Let k be (c/2)/(3/9). Let a be b(k). Let t(u) = u**3 - 3*u**2 - 5*u + 3. Calculate t(a).
-1
Let z(s) be the second derivative of s**3/6 - 2*s**2 + 2*s + 8. Suppose -4*j = c - 4, 4*c + 3*j = -3 - 7. Give z(c).
-8
Let y be -3 - (1 + (-4 - -5)). Let f(o) = -6*o - 4. Let d(h) = -3*h - 2. Let q(n) = y*d(n) + 2*f(n). Determine q(2).
8
Suppose b = -5*t + 42, 4*t - 39 = -3*b - 12. Let c(d) = -4*d + 36. Determine c(t).
0
Let n(x) = -x**3 - 2*x - 3. Suppose t + 42 = 5*w, w = -3*t + 4*t + 6. Suppose 0 = 9*p + 9 + w. What is n(p)?
9
Let d(u) = u + 3 + 9*u - 5*u - 4*u. Let z = -3 - -7. Let t = 2 - z. Calculate d(t).
1
Let k(m) = -23*m**2 + 26*m + 26. Suppose -p + 3*p = -4*t - 76, 2*p + 59 = -3*t. Let b(h) = -8*h**2 + 9*h + 9. Let c(i) = t*b(i) + 6*k(i). What is c(3)?
-6
Let u(y) = 3*y - 4. Let s be 8/(-22)*(-1144)/208. Give u(s).
2
Let x(w) = -w**3 + w**2 + 2*w + 14. Let f be 6 + (-2 - (-16)/(-4)). What is x(f)?
14
Let q(g) = 2*g - 10. Suppose -10*s = -s - 45. Calculate q(s).
0
Let a(r) = -6679 + 13357 + 4*r - 6678. Suppose -2*u + 4*x - 4 = 0, 7 = -3*u + 5*x + 1. What is a(u)?
-8
Let v be 15/(-4) - (-1)/(-4). Let i(g) be the first derivative of -g**3/3 - g**2/2 + 106. Determine i(v).
-12
Let m = 7 + -14. Let o(f) = f + 4. Let r be o(m). Let z(d) = 19*d + 4. Let q(c) = 3*c. Let l(i) = -6*q(i) + z(i). What is l(r)?
1
Let i(f) = -3*f - 14. Let m(g) = -g - 1. Let c(w) = i(w) - 2*m(w). Let q be c(-5). Let x(p) = -p**2 - 7*p - 3. Determine x(q).
-3
Let j(f) = -56*f + 23*f + 34*f. Let n(d) be the second derivative of d**4/12 - 2*d. Let o be n(1). Give j(o).
1
Let t(i) = -2*i**2 + 4*i + 1. Suppose 0 = 3*g + g + 4. Let l be 1 + (g - (-8 + 4)). Suppose 2*u - z + 5*z + 2 = 0, -3*z = l*u - 6. Calculate t(u).
-5
Let r(d) = 3*d**2 + 2*d + 2. Let h be r(-1). Suppose -3*k + 2*b = 0, 0*b + h*b = -4*k. Suppose w = -k*w + 2. Let o(q) = 7*q + 1. What is o(w)?
15
Let s(j) = -4*j. Let t be 0 + 3 - (7 - 1). Let o be (t/(-4))/((-5)/20). Give s(o).
12
Let s(t) be the third derivative of -2*t - 1/12*t**4 + 5/3*t**3 + 23*t**2 + 0. What is s(8)?
-6
Let q(x) = x + x**3 + 4 + 13*x - 2*x**3 - 13*x**2 + 0. Suppose -f + 6 = 20. Calculate q(f).
4
Let j(k) = -6*k + 6. Suppose 22 = 7*g + 8. Let d be j(g). Let r(s) = s**3 + 5*s**2 - 7*s + 5. Give r(d).
11
Let c(a) be the first derivative of a**5/120 + 7*a**4/24 + 29*a**3/3 + 18. Let i(s) be the third derivative of c(s). Give i(0).
7
Let r(v) be the first derivative of -3*v**2/2 + v + 1. Let f = 16 - 16. Let h(k) = -k**2 - 3. Let y be h(f). Determine r(y).
10
Suppose -3 = -b + 2. Suppose f - t = -2 - 5, -2*t + b = f. Let c be 16/(-2) + f/(-1). Let n(s) = s**3 + 5*s**2 + 4. Give n(c).
4
Let s(q) = 14*q + 67. Let g(u) = -5*u - 22. Let r(k) = 11*g(k) + 4*s(k). Calculate r(-13).
13
Let h(y) = -6*y - 24. Let v(x) = -x**3 - 3*x**2 + 20*x + 4. Let k be v(-6). What is h(k)?
24
Let u(p) = -p**3 + 9*p - 2. Let d(t) = t**2 - t. Let c(z) = -3*d(z) - u(z). What is c(4)?
-6
Let z = 6 - 4. Let h be z/3 + (-35)/(-15). Let v(m) = 2*m**2 - 4 + m**3 + 9 - 5*m**2 - 6. Give v(h).
-1
Let h(g) = g - 4. Let s be h(8). Suppose -3*r - 12 = -s*a - 0*r, 2*r = -4*a + 32. Let o(j) = -2 + 3*j - 7 + 3*j - j**2. Give o(a).
-9
Let a(p) = 2*p + 28. Let c be a(-12). Suppose -4*s - 2*q + 56 = 0, q - 2*q = -c. Let h(u) = u**3 + 6 + s*u**2 - 37*u**2 + u + 19*u**2. Calculate h(5).
-14
Let c(s) = 133*s - s**2 + 5*s**3 - 133*s + 1. Give c(-1).
-5
Let i(l) = l - 4. Let f be i(2). Let v(p) = -1 - 73140*p**2 + 2*p + 73137*p**2 + 2 + 0 - p**3. Give v(f).
-7
Suppose -3*j - 420 = -13*j. Let x(a) = -j*a + 15*a - 2 + 26*a. Suppose -d - 5 = n, 0*n - 3*d - 9 = n. What is x(n)?
1
Let l(i) = i + 4. Let s be l(8). Suppose 4*m + s = 0, -20 = -4*v + 8*v + 4*m. Let j(c) = -c**3 + c + 1. Determine j(v).
7
Let h(l) = -l**2 + 3*l + 3. Let z(u) = u**3 - 6*u**2 + 2*u - 9. Let x be z(6). Let d = -18 + x. Let b = -12 - d. Calculate h(b).
3
Let x(g) = -g**3 - 3*g**2 + 4*g - 1. Let s = 5 - 5. Suppose -a = u - 5, s = 2*u + a - 3*a - 26. Suppose 5*h + u = 2*h. Calculate x(h).
-13
Suppose 4*c = 5*f + 25, -31 = -4*c + 4*f - 11. Suppose x + 3 = a - 3*x, c = a + 4*x + 5. Let s(o) = -5*o**2 + 6*o**3 - 2*o**2 - o + 6*o**2. Give s(a).
-6
Let u be 8 + 2*(-120)/16. Let h(f) = f**2 + 2*f - 13. What is h(u)?
22
Let d be (-96)/120*(-30)/4. Let b(y) = y + 4. What is b(d)?
10
Let y(d) be the third derivative of -d**5/60 + 7*d**4/24 - d**3/3 + 554*d**2 - d. Let h(s) = 7*s**2 - s - 1. Let r be h(-1). Calculate y(r).
-2
Let a(y) = 2*y + 2. Let b(z) = 10*z + 9. Let g(k) = -11*a(k) + 2*b(k). Let i be 2*(-1 - 2) - (3 - 5). Give g(i).
4
Suppose 9*p + 224 - 273 = 2*p. Let y(z) = -2 - 3 - 3 + z. Determine y(p).
-1
Let g(n) = -n**3 + 7*n**2 - 3*n - 3. Suppose -57*r = -55*r - 12. Calculate g(r).
15
Suppose -3*k - 4 = 3*y + 74, 2*k = -5*y - 118. Let s = y - -16. Let v(c) = -c**3 - 7*c**2 - 4*c + 8. Calculate v(s).
-4
Let h(s) = 8*s**2 - 8*s**3 - 11*s - 4*s**2 + 4*s + 9*s**3. Determine h(-5).
10
Let l(f) = -10*f**2 + 30 + 0*f**3 - 66*f + 64*f + f**3 - 4*f**2. What is l(14)?
2
Let x(c) = -c**3 - 6*c**2 - 2*c + 11. Let k be x(-5). Let l(d) be the second derivative of -2*d**2 - 1/6*d**3 - 8*d + 0. Give l(k).
0
Suppose 0 = -3*a + 6*a + 12. Let f(r) = -8 - 7*r + 33 - 13 - 2*r**2 - 12 - 6. Calculate f(a).
-10
Let z = -2 + 6. Suppose -z*l + 3*l + 4 = 0. Let i(n) = -1 - l + n + 3. Determine i(-4).
-6
Suppose 0 = 4*h + h + 4*s + 216, -72 = 2*h - 2*s. Let l be 9/(-18) - (-7)/(-2). Let y be -3*(h/(-6) + l). Let z(g) = -g - 7. What is z(y)?
1
Let s(n) = n**3 - 2*n**2 - n + 1. Let k = 61 + -58. Suppose -4*d + 5*r - 5 = k, -3*d + 4*r - 7 = 0. Calculate s(d).
7
Let v(x) = x**3 + 3*x**2 + x. Let l(j) = -2*j + 9. Let d(a) = -2*a**2 + 24*a - 16. Let w be d(11). Let n be l(w). Give v(n).
-3
Let i(q) = q - 11. Let w = -1 + 3. Suppose -6 = -2*k - 0*k. Suppose k*r - 6 = w*r. What is i(r)?
-5
Let u(k) = k**2 - 11*k + 7. Let t(f) = -2*f**2 + 21*f - 13. Let g(j) = 4*t(j) + 7*u(j). Let o = -29 - -34. Suppose o*m - 12 = 3*m. What is g(m)?
3
Let r(m)